{"id":683,"date":"2022-04-22T18:07:07","date_gmt":"2022-04-22T22:07:07","guid":{"rendered":"https:\/\/www.lamaquinadeleer.com\/?post_type=product&#038;p=683"},"modified":"2022-04-22T18:18:25","modified_gmt":"2022-04-22T22:18:25","slug":"42070-camion-grua-todoterreno-6x6","status":"publish","type":"product","link":"https:\/\/www.lamaquinadeleer.com\/?product=42070-camion-grua-todoterreno-6x6","title":{"rendered":"42070 &#8211; Cami\u00f3n gr\u00faa todoterreno 6&#215;6"},"content":{"rendered":"<p>&nbsp;<\/p>\n<p>Lleva a cabo arriesgadas operaciones de rescate de veh\u00edculos con el Cami\u00f3n todoterreno 6&#215;6 por control remoto. Este aut\u00e9ntico modelo LEGO\u00ae Technic \u201c2 en 1\u201d cuenta con una combinaci\u00f3n de colores en azul, rojo, amarillo y negro, y est\u00e1 equipado con grandes y gruesos neum\u00e1ticos, barra protectora con cadena y gancho, faros m\u00f3viles y una detallada cabina para el conductor con puertas que se abren. Las funciones por control remoto permiten avanzar y retroceder, girar las ruedas delanteras, extender los estabilizadores y controlar el brazo de gr\u00faa y el gancho. \u00a1Reconstruye el modelo para crear un Veh\u00edculo explorador de investigaci\u00f3n y disfruta de una doble experiencia de construcci\u00f3n y juego!<\/p>\n<ul>\n<li>Cuenta con un motor LEGO\u00ae Power Functions grande y otro mediano, bater\u00eda, receptor y control remoto para controlar un gran n\u00famero de funciones: avance y retroceso, direcci\u00f3n delantera, extensi\u00f3n de los estabilizadores y control del brazo de gr\u00faa y el gancho.<\/li>\n<li>Cuenta tambi\u00e9n con grandes y gruesos neum\u00e1ticos, barra protectora con cadena y gancho, faros m\u00f3viles y una detallada cabina para el conductor con puertas que se abren.<\/li>\n<li>Contempla el vibrante dise\u00f1o en azul, rojo, amarillo y negro.<\/li>\n<li>Activa el motor LEGO\u00ae Power Functions y usa el control remoto para maniobrar el veh\u00edculo y colocarlo en posici\u00f3n, extender los estabilizadores, girar, subir y bajar el brazo de gr\u00faa, o subir y bajar el gancho.<\/li>\n<li>Incluye un exclusivo ladrillo decorado con motivo del 40\u00ba aniversario de LEGO\u00ae Technic.<\/li>\n<li>Este modelo LEGO\u00ae Technic ha sido dise\u00f1ado para proporcionar una experiencia de construcci\u00f3n envolvente y gratificante.<\/li>\n<li>Dise\u00f1ado s\u00f3lo para uso en interiores.<\/li>\n<li>Este producto requiere pilas (no incluidas). Consulta el embalaje del producto para ver los tipos y cantidades.<\/li>\n<li>Modelo \u201c2 en 1\u201d: construye tambi\u00e9n un Veh\u00edculo explorador de investigaci\u00f3n.<\/li>\n<li>El Cami\u00f3n gr\u00faa todoterreno 6&#215;6 mide m\u00e1s de 51 cm de altura, 63 cm de longitud y 37 cm de ancho con el brazo de gr\u00faa elevado y los estabilizadores extendidos, y 26 cm de altura y 20 cm de ancho con el brazo de gr\u00faa bajado y los estabilizadores plegados.<\/li>\n<li>El Veh\u00edculo explorador de investigaci\u00f3n mide m\u00e1s de 23 cm de altura, 47 cm de longitud y 23 cm de ancho.<\/li>\n<\/ul>\n","protected":false},"excerpt":{"rendered":"<p>1862 piezas de construcci\u00f3n experta Technic, en uno de los sets m\u00e1s especiales y complejos sacados por la l\u00ednea Technic de Lego. Solo se encuentra en tiendas de colecci\u00f3n<\/p>\n<p>Puedes ver el video publicitario de <a href=\"https:\/\/www.youtube.com\/watch?v=6VSTaFkgEJA\">este set ac\u00e1<\/a><\/p>\n[embed]https:\/\/www.youtube.com\/watch?v=6VSTaFkgEJA[\/embed]\n<p>&nbsp;<\/p>\n","protected":false},"featured_media":685,"comment_status":"open","ping_status":"closed","template":"","meta":[],"product_brand":[],"product_cat":[30],"product_tag":[],"class_list":{"0":"post-683","1":"product","2":"type-product","3":"status-publish","4":"has-post-thumbnail","6":"product_cat-lego-de-coleccion","8":"first","9":"instock","10":"sale","11":"shipping-taxable","12":"purchasable","13":"product-type-simple"},"_links":{"self":[{"href":"https:\/\/www.lamaquinadeleer.com\/index.php?rest_route=\/wp\/v2\/product\/683","targetHints":{"allow":["GET"]}}],"collection":[{"href":"https:\/\/www.lamaquinadeleer.com\/index.php?rest_route=\/wp\/v2\/product"}],"about":[{"href":"https:\/\/www.lamaquinadeleer.com\/index.php?rest_route=\/wp\/v2\/types\/product"}],"replies":[{"embeddable":true,"href":"https:\/\/www.lamaquinadeleer.com\/index.php?rest_route=%2Fwp%2Fv2%2Fcomments&post=683"}],"wp:featuredmedia":[{"embeddable":true,"href":"https:\/\/www.lamaquinadeleer.com\/index.php?rest_route=\/wp\/v2\/media\/685"}],"wp:attachment":[{"href":"https:\/\/www.lamaquinadeleer.com\/index.php?rest_route=%2Fwp%2Fv2%2Fmedia&parent=683"}],"wp:term":[{"taxonomy":"product_brand","embeddable":true,"href":"https:\/\/www.lamaquinadeleer.com\/index.php?rest_route=%2Fwp%2Fv2%2Fproduct_brand&post=683"},{"taxonomy":"product_cat","embeddable":true,"href":"https:\/\/www.lamaquinadeleer.com\/index.php?rest_route=%2Fwp%2Fv2%2Fproduct_cat&post=683"},{"taxonomy":"product_tag","embeddable":true,"href":"https:\/\/www.lamaquinadeleer.com\/index.php?rest_route=%2Fwp%2Fv2%2Fproduct_tag&post=683"}],"curies":[{"name":"wp","href":"https:\/\/api.w.org\/{rel}","templated":true}]}}